{"id":149,"date":"2023-10-15T07:56:24","date_gmt":"2023-10-15T07:56:24","guid":{"rendered":"https:\/\/www.rencontres-aucoeurdesoi.fr\/?page_id=149"},"modified":"2023-11-11T17:18:18","modified_gmt":"2023-11-11T17:18:18","slug":"accueil-v2","status":"publish","type":"page","link":"https:\/\/www.rencontres-aucoeurdesoi.fr\/","title":{"rendered":"Accueil V2"},"content":{"rendered":"\t\t<div data-elementor-type=\"wp-page\" data-elementor-id=\"149\" class=\"elementor elementor-149\" data-elementor-post-type=\"page\">\n\t\t\t\t<div class=\"elementor-element elementor-element-269ad948 e-con-full e-flex e-con e-parent\" data-id=\"269ad948\" data-element_type=\"container\" data-e-type=\"container\" data-settings=\"{&quot;background_background&quot;:&quot;classic&quot;,&quot;position&quot;:&quot;fixed&quot;}\">\n\t\t\t\t<\/div>\n\t\t<div class=\"elementor-element elementor-element-136d864e e-flex e-con-boxed e-con e-parent\" data-id=\"136d864e\" data-element_type=\"container\" data-e-type=\"container\" data-settings=\"{&quot;background_background&quot;:&quot;classic&quot;}\">\n\t\t\t\t\t<div class=\"e-con-inner\">\n\t\t\t\t<div class=\"elementor-element elementor-element-72cf9f9b elementor-widget elementor-widget-spacer\" data-id=\"72cf9f9b\" data-element_type=\"widget\" data-e-type=\"widget\" data-widget_type=\"spacer.default\">\n\t\t\t\t<div class=\"elementor-widget-container\">\n\t\t\t\t\t\t\t<div class=\"elementor-spacer\">\n\t\t\t<div class=\"elementor-spacer-inner\"><\/div>\n\t\t<\/div>\n\t\t\t\t\t\t<\/div>\n\t\t\t\t<\/div>\n\t\t\t\t<div class=\"elementor-element elementor-element-38114e16 elementor-widget__width-initial elementor-widget elementor-widget-heading\" data-id=\"38114e16\" data-element_type=\"widget\" data-e-type=\"widget\" data-widget_type=\"heading.default\">\n\t\t\t\t<div class=\"elementor-widget-container\">\n\t\t\t\t\t<h1 class=\"elementor-heading-title elementor-size-default\">Rencontres au coeur de soi\n<\/h1>\t\t\t\t<\/div>\n\t\t\t\t<\/div>\n\t\t\t\t<div class=\"elementor-element elementor-element-6b01e952 elementor-widget elementor-widget-spacer\" data-id=\"6b01e952\" data-element_type=\"widget\" data-e-type=\"widget\" data-widget_type=\"spacer.default\">\n\t\t\t\t<div class=\"elementor-widget-container\">\n\t\t\t\t\t\t\t<div class=\"elementor-spacer\">\n\t\t\t<div class=\"elementor-spacer-inner\"><\/div>\n\t\t<\/div>\n\t\t\t\t\t\t<\/div>\n\t\t\t\t<\/div>\n\t\t\t\t\t<\/div>\n\t\t\t\t<\/div>\n\t\t<div class=\"elementor-element elementor-element-5e7fe279 e-con-full e-flex e-con e-parent\" data-id=\"5e7fe279\" data-element_type=\"container\" data-e-type=\"container\">\n\t\t<div class=\"elementor-element elementor-element-4c6f6e31 e-con-full e-flex e-con e-child\" data-id=\"4c6f6e31\" data-element_type=\"container\" data-e-type=\"container\">\n\t\t\t\t<\/div>\n\t\t<div class=\"elementor-element elementor-element-5cab9586 e-con-full e-flex e-con e-child\" data-id=\"5cab9586\" data-element_type=\"container\" data-e-type=\"container\" data-settings=\"{&quot;background_background&quot;:&quot;classic&quot;}\">\n\t\t<div class=\"elementor-element elementor-element-7e80b331 e-con-full e-flex e-con e-child\" data-id=\"7e80b331\" data-element_type=\"container\" data-e-type=\"container\">\n\t\t\t\t<div class=\"elementor-element elementor-element-741482a7 elementor-widget elementor-widget-spacer\" data-id=\"741482a7\" data-element_type=\"widget\" data-e-type=\"widget\" data-widget_type=\"spacer.default\">\n\t\t\t\t<div class=\"elementor-widget-container\">\n\t\t\t\t\t\t\t<div class=\"elementor-spacer\">\n\t\t\t<div class=\"elementor-spacer-inner\"><\/div>\n\t\t<\/div>\n\t\t\t\t\t\t<\/div>\n\t\t\t\t<\/div>\n\t\t\t\t<div class=\"elementor-element elementor-element-2862bb43 elementor-view-default elementor-widget elementor-widget-icon\" data-id=\"2862bb43\" data-element_type=\"widget\" data-e-type=\"widget\" data-widget_type=\"icon.default\">\n\t\t\t\t<div class=\"elementor-widget-container\">\n\t\t\t\t\t\t\t<div class=\"elementor-icon-wrapper\">\n\t\t\t<div class=\"elementor-icon\">\n\t\t\t<i aria-hidden=\"true\" class=\"fas fa-phone-volume\"><\/i>\t\t\t<\/div>\n\t\t<\/div>\n\t\t\t\t\t\t<\/div>\n\t\t\t\t<\/div>\n\t\t\t\t<div class=\"elementor-element elementor-element-64dfe597 elementor-view-default elementor-widget elementor-widget-icon\" data-id=\"64dfe597\" data-element_type=\"widget\" data-e-type=\"widget\" data-widget_type=\"icon.default\">\n\t\t\t\t<div class=\"elementor-widget-container\">\n\t\t\t\t\t\t\t<div class=\"elementor-icon-wrapper\">\n\t\t\t<div class=\"elementor-icon\">\n\t\t\t<i aria-hidden=\"true\" class=\"far fa-envelope\"><\/i>\t\t\t<\/div>\n\t\t<\/div>\n\t\t\t\t\t\t<\/div>\n\t\t\t\t<\/div>\n\t\t\t\t<\/div>\n\t\t<div class=\"elementor-element elementor-element-22de6266 e-con-full e-flex e-con e-child\" data-id=\"22de6266\" data-element_type=\"container\" data-e-type=\"container\">\n\t\t\t\t<div class=\"elementor-element elementor-element-3cd8d08a elementor-widget elementor-widget-text-editor\" data-id=\"3cd8d08a\" data-element_type=\"widget\" data-e-type=\"widget\" data-widget_type=\"text-editor.default\">\n\t\t\t\t<div class=\"elementor-widget-container\">\n\t\t\t\t\t\t\t\t\t<p>Magali BARBIER<\/p>\t\t\t\t\t\t\t\t<\/div>\n\t\t\t\t<\/div>\n\t\t\t\t<div class=\"elementor-element elementor-element-33908d8 elementor-widget elementor-widget-text-editor\" data-id=\"33908d8\" data-element_type=\"widget\" data-e-type=\"widget\" data-widget_type=\"text-editor.default\">\n\t\t\t\t<div class=\"elementor-widget-container\">\n\t\t\t\t\t\t\t\t\t<p>enfants, adolescents, adultes<\/p>\t\t\t\t\t\t\t\t<\/div>\n\t\t\t\t<\/div>\n\t\t\t\t<div class=\"elementor-element elementor-element-4b491f71 elementor-widget elementor-widget-text-editor\" data-id=\"4b491f71\" data-element_type=\"widget\" data-e-type=\"widget\" data-widget_type=\"text-editor.default\">\n\t\t\t\t<div class=\"elementor-widget-container\">\n\t\t\t\t\t\t\t\t\t<p>Psychologue clinicienne<\/p>\t\t\t\t\t\t\t\t<\/div>\n\t\t\t\t<\/div>\n\t\t\t\t<div class=\"elementor-element elementor-element-5552182 elementor-widget elementor-widget-text-editor\" data-id=\"5552182\" data-element_type=\"widget\" data-e-type=\"widget\" data-widget_type=\"text-editor.default\">\n\t\t\t\t<div class=\"elementor-widget-container\">\n\t\t\t\t\t\t\t\t\t<p>+ 33 6 23 08 23 23<\/p>\t\t\t\t\t\t\t\t<\/div>\n\t\t\t\t<\/div>\n\t\t\t\t<div class=\"elementor-element elementor-element-66cdcb41 elementor-widget elementor-widget-text-editor\" data-id=\"66cdcb41\" data-element_type=\"widget\" data-e-type=\"widget\" data-widget_type=\"text-editor.default\">\n\t\t\t\t<div class=\"elementor-widget-container\">\n\t\t\t\t\t\t\t\t\t<p><span style=\"color: #ffffff;\"><a style=\"color: #ffffff;\" href=\"mailto:mbarbier78.psy@gmail.com\">mbarbier78.psy@gmail.com<\/a><\/span><\/p>\t\t\t\t\t\t\t\t<\/div>\n\t\t\t\t<\/div>\n\t\t\t\t<\/div>\n\t\t<div class=\"elementor-element elementor-element-330bba70 e-con-full e-flex e-con e-child\" data-id=\"330bba70\" data-element_type=\"container\" data-e-type=\"container\">\n\t\t\t\t<\/div>\n\t\t<div class=\"elementor-element elementor-element-671b632f e-flex e-con-boxed e-con e-child\" data-id=\"671b632f\" data-element_type=\"container\" data-e-type=\"container\">\n\t\t\t\t\t<div class=\"e-con-inner\">\n\t\t\t\t<div class=\"elementor-element elementor-element-4fb1aa92 elementor-widget elementor-widget-spacer\" data-id=\"4fb1aa92\" data-element_type=\"widget\" data-e-type=\"widget\" data-widget_type=\"spacer.default\">\n\t\t\t\t<div class=\"elementor-widget-container\">\n\t\t\t\t\t\t\t<div class=\"elementor-spacer\">\n\t\t\t<div class=\"elementor-spacer-inner\"><\/div>\n\t\t<\/div>\n\t\t\t\t\t\t<\/div>\n\t\t\t\t<\/div>\n\t\t\t\t<div class=\"elementor-element elementor-element-44452018 elementor-widget elementor-widget-text-editor\" data-id=\"44452018\" data-element_type=\"widget\" data-e-type=\"widget\" data-widget_type=\"text-editor.default\">\n\t\t\t\t<div class=\"elementor-widget-container\">\n\t\t\t\t\t\t\t\t\t<p>47 rue D\u00e9sir\u00e9 Cl\u00e9ment<\/p><p>78700 Conflans sainte Honorine<\/p><p>B\u00e2timent A \/ interphone A08<\/p>\t\t\t\t\t\t\t\t<\/div>\n\t\t\t\t<\/div>\n\t\t\t\t<div class=\"elementor-element elementor-element-24bba828 elementor-widget elementor-widget-text-editor\" data-id=\"24bba828\" data-element_type=\"widget\" data-e-type=\"widget\" data-widget_type=\"text-editor.default\">\n\t\t\t\t<div class=\"elementor-widget-container\">\n\t\t\t\t\t\t\t\t\t<p><span style=\"text-decoration: underline;\"><em>Consultation en pr\u00e9sentiel les :<\/em><\/span><br \/>lundi &#8211; mercredi &#8211; vendredi<\/p>\t\t\t\t\t\t\t\t<\/div>\n\t\t\t\t<\/div>\n\t\t\t\t<div class=\"elementor-element elementor-element-2d4a4fdd elementor-widget elementor-widget-text-editor\" data-id=\"2d4a4fdd\" data-element_type=\"widget\" data-e-type=\"widget\" data-widget_type=\"text-editor.default\">\n\t\t\t\t<div class=\"elementor-widget-container\">\n\t\t\t\t\t\t\t\t\t<p>Et visio possible sur demande \u00e9galement les autres jours de la semaine.<\/p>\t\t\t\t\t\t\t\t<\/div>\n\t\t\t\t<\/div>\n\t\t\t\t\t<\/div>\n\t\t\t\t<\/div>\n\t\t\t\t<\/div>\n\t\t<div class=\"elementor-element elementor-element-7701ac2b e-flex e-con-boxed e-con e-child\" data-id=\"7701ac2b\" data-element_type=\"container\" data-e-type=\"container\" data-settings=\"{&quot;background_background&quot;:&quot;classic&quot;}\">\n\t\t\t\t\t<div class=\"e-con-inner\">\n\t\t\t\t<div class=\"elementor-element elementor-element-12f83519 elementor-widget elementor-widget-spacer\" data-id=\"12f83519\" data-element_type=\"widget\" data-e-type=\"widget\" data-widget_type=\"spacer.default\">\n\t\t\t\t<div class=\"elementor-widget-container\">\n\t\t\t\t\t\t\t<div class=\"elementor-spacer\">\n\t\t\t<div class=\"elementor-spacer-inner\"><\/div>\n\t\t<\/div>\n\t\t\t\t\t\t<\/div>\n\t\t\t\t<\/div>\n\t\t\t\t<div class=\"elementor-element elementor-element-68c24fa elementor-widget elementor-widget-spacer\" data-id=\"68c24fa\" data-element_type=\"widget\" data-e-type=\"widget\" data-widget_type=\"spacer.default\">\n\t\t\t\t<div class=\"elementor-widget-container\">\n\t\t\t\t\t\t\t<div class=\"elementor-spacer\">\n\t\t\t<div class=\"elementor-spacer-inner\"><\/div>\n\t\t<\/div>\n\t\t\t\t\t\t<\/div>\n\t\t\t\t<\/div>\n\t\t\t\t<div class=\"elementor-element elementor-element-6cb59ea elementor-widget elementor-widget-text-editor\" data-id=\"6cb59ea\" data-element_type=\"widget\" data-e-type=\"widget\" data-widget_type=\"text-editor.default\">\n\t\t\t\t<div class=\"elementor-widget-container\">\n\t\t\t\t\t\t\t\t\t<p>\u00ab\u00a0Je ne suis pas ce qui m&rsquo;arrive,<\/p>\n<p>je suis ce que je d\u00e9cide de devenir\u00a0\u00bb<\/p>\t\t\t\t\t\t\t\t<\/div>\n\t\t\t\t<\/div>\n\t\t\t\t<div class=\"elementor-element elementor-element-564ce092 elementor-widget__width-initial elementor-widget elementor-widget-text-editor\" data-id=\"564ce092\" data-element_type=\"widget\" data-e-type=\"widget\" data-widget_type=\"text-editor.default\">\n\t\t\t\t<div class=\"elementor-widget-container\">\n\t\t\t\t\t\t\t\t\t<p>Carl Gustave JUNG<\/p>\t\t\t\t\t\t\t\t<\/div>\n\t\t\t\t<\/div>\n\t\t\t\t\t<\/div>\n\t\t\t\t<\/div>\n\t\t<div class=\"elementor-element elementor-element-1975d4a e-con-full e-flex e-con e-child\" data-id=\"1975d4a\" data-element_type=\"container\" data-e-type=\"container\">\n\t\t\t\t<\/div>\n\t\t\t\t<\/div>\n\t\t\t\t<\/div>\n\t\t","protected":false},"excerpt":{"rendered":"<p>Rencontres au coeur de soi Magali BARBIER enfants, adolescents, adultes Psychologue clinicienne + 33 6 23 08 23 23 mbarbier78.psy@gmail.com 47 rue D\u00e9sir\u00e9 Cl\u00e9ment 78700 Conflans sainte Honorine B\u00e2timent A \/ interphone A08 Consultation en pr\u00e9sentiel les :lundi &#8211; mercredi &#8211; vendredi Et visio possible sur demande \u00e9galement les autres jours de la semaine. \u00ab\u00a0Je&hellip; <a class=\"more-link\" href=\"https:\/\/www.rencontres-aucoeurdesoi.fr\/\">Poursuivre la lecture <span class=\"screen-reader-text\">Accueil V2<\/span><\/a><\/p>\n","protected":false},"author":1,"featured_media":0,"parent":0,"menu_order":0,"comment_status":"closed","ping_status":"closed","template":"elementor_canvas","meta":{"footnotes":""},"class_list":["post-149","page","type-page","status-publish","hentry","entry"],"yoast_head":"<!-- This site is optimized with the Yoast SEO plugin v27.1.1 - https:\/\/yoast.com\/product\/yoast-seo-wordpress\/ -->\n<title>Accueil V2 - Rencontres au coeur de soi<\/title>\n<meta name=\"robots\" content=\"index, follow, max-snippet:-1, max-image-preview:large, max-video-preview:-1\" \/>\n<link rel=\"canonical\" href=\"https:\/\/www.rencontres-aucoeurdesoi.fr\/\" \/>\n<meta property=\"og:locale\" content=\"fr_FR\" \/>\n<meta property=\"og:type\" content=\"article\" \/>\n<meta property=\"og:title\" content=\"Accueil V2 - Rencontres au coeur de soi\" \/>\n<meta property=\"og:description\" content=\"Rencontres au coeur de soi Magali BARBIER enfants, adolescents, adultes Psychologue clinicienne + 33 6 23 08 23 23 mbarbier78.psy@gmail.com 47 rue D\u00e9sir\u00e9 Cl\u00e9ment 78700 Conflans sainte Honorine B\u00e2timent A \/ interphone A08 Consultation en pr\u00e9sentiel les :lundi &#8211; mercredi &#8211; vendredi Et visio possible sur demande \u00e9galement les autres jours de la semaine. \u00ab\u00a0Je&hellip; Poursuivre la lecture Accueil V2\" \/>\n<meta property=\"og:url\" content=\"https:\/\/www.rencontres-aucoeurdesoi.fr\/\" \/>\n<meta property=\"og:site_name\" content=\"Rencontres au coeur de soi\" \/>\n<meta property=\"article:modified_time\" content=\"2023-11-11T17:18:18+00:00\" \/>\n<meta name=\"twitter:card\" content=\"summary_large_image\" \/>\n<script type=\"application\/ld+json\" class=\"yoast-schema-graph\">{\"@context\":\"https:\/\/schema.org\",\"@graph\":[{\"@type\":\"WebPage\",\"@id\":\"https:\/\/www.rencontres-aucoeurdesoi.fr\/\",\"url\":\"https:\/\/www.rencontres-aucoeurdesoi.fr\/\",\"name\":\"Accueil V2 - Rencontres au coeur de soi\",\"isPartOf\":{\"@id\":\"https:\/\/www.rencontres-aucoeurdesoi.fr\/#website\"},\"datePublished\":\"2023-10-15T07:56:24+00:00\",\"dateModified\":\"2023-11-11T17:18:18+00:00\",\"breadcrumb\":{\"@id\":\"https:\/\/www.rencontres-aucoeurdesoi.fr\/#breadcrumb\"},\"inLanguage\":\"fr-FR\",\"potentialAction\":[{\"@type\":\"ReadAction\",\"target\":[\"https:\/\/www.rencontres-aucoeurdesoi.fr\/\"]}]},{\"@type\":\"BreadcrumbList\",\"@id\":\"https:\/\/www.rencontres-aucoeurdesoi.fr\/#breadcrumb\",\"itemListElement\":[{\"@type\":\"ListItem\",\"position\":1,\"name\":\"Accueil\",\"item\":\"https:\/\/www.rencontres-aucoeurdesoi.fr\/\"},{\"@type\":\"ListItem\",\"position\":2,\"name\":\"Accueil V2\"}]},{\"@type\":\"WebSite\",\"@id\":\"https:\/\/www.rencontres-aucoeurdesoi.fr\/#website\",\"url\":\"https:\/\/www.rencontres-aucoeurdesoi.fr\/\",\"name\":\"Rencontres au coeur de soi\",\"description\":\"\",\"potentialAction\":[{\"@type\":\"SearchAction\",\"target\":{\"@type\":\"EntryPoint\",\"urlTemplate\":\"https:\/\/www.rencontres-aucoeurdesoi.fr\/?s={search_term_string}\"},\"query-input\":{\"@type\":\"PropertyValueSpecification\",\"valueRequired\":true,\"valueName\":\"search_term_string\"}}],\"inLanguage\":\"fr-FR\"}]}<\/script>\n<!-- \/ Yoast SEO plugin. -->","yoast_head_json":{"title":"Accueil V2 - Rencontres au coeur de soi","robots":{"index":"index","follow":"follow","max-snippet":"max-snippet:-1","max-image-preview":"max-image-preview:large","max-video-preview":"max-video-preview:-1"},"canonical":"https:\/\/www.rencontres-aucoeurdesoi.fr\/","og_locale":"fr_FR","og_type":"article","og_title":"Accueil V2 - Rencontres au coeur de soi","og_description":"Rencontres au coeur de soi Magali BARBIER enfants, adolescents, adultes Psychologue clinicienne + 33 6 23 08 23 23 mbarbier78.psy@gmail.com 47 rue D\u00e9sir\u00e9 Cl\u00e9ment 78700 Conflans sainte Honorine B\u00e2timent A \/ interphone A08 Consultation en pr\u00e9sentiel les :lundi &#8211; mercredi &#8211; vendredi Et visio possible sur demande \u00e9galement les autres jours de la semaine. \u00ab\u00a0Je&hellip; Poursuivre la lecture Accueil V2","og_url":"https:\/\/www.rencontres-aucoeurdesoi.fr\/","og_site_name":"Rencontres au coeur de soi","article_modified_time":"2023-11-11T17:18:18+00:00","twitter_card":"summary_large_image","schema":{"@context":"https:\/\/schema.org","@graph":[{"@type":"WebPage","@id":"https:\/\/www.rencontres-aucoeurdesoi.fr\/","url":"https:\/\/www.rencontres-aucoeurdesoi.fr\/","name":"Accueil V2 - Rencontres au coeur de soi","isPartOf":{"@id":"https:\/\/www.rencontres-aucoeurdesoi.fr\/#website"},"datePublished":"2023-10-15T07:56:24+00:00","dateModified":"2023-11-11T17:18:18+00:00","breadcrumb":{"@id":"https:\/\/www.rencontres-aucoeurdesoi.fr\/#breadcrumb"},"inLanguage":"fr-FR","potentialAction":[{"@type":"ReadAction","target":["https:\/\/www.rencontres-aucoeurdesoi.fr\/"]}]},{"@type":"BreadcrumbList","@id":"https:\/\/www.rencontres-aucoeurdesoi.fr\/#breadcrumb","itemListElement":[{"@type":"ListItem","position":1,"name":"Accueil","item":"https:\/\/www.rencontres-aucoeurdesoi.fr\/"},{"@type":"ListItem","position":2,"name":"Accueil V2"}]},{"@type":"WebSite","@id":"https:\/\/www.rencontres-aucoeurdesoi.fr\/#website","url":"https:\/\/www.rencontres-aucoeurdesoi.fr\/","name":"Rencontres au coeur de soi","description":"","potentialAction":[{"@type":"SearchAction","target":{"@type":"EntryPoint","urlTemplate":"https:\/\/www.rencontres-aucoeurdesoi.fr\/?s={search_term_string}"},"query-input":{"@type":"PropertyValueSpecification","valueRequired":true,"valueName":"search_term_string"}}],"inLanguage":"fr-FR"}]}},"_links":{"self":[{"href":"https:\/\/www.rencontres-aucoeurdesoi.fr\/index.php?rest_route=\/wp\/v2\/pages\/149","targetHints":{"allow":["GET"]}}],"collection":[{"href":"https:\/\/www.rencontres-aucoeurdesoi.fr\/index.php?rest_route=\/wp\/v2\/pages"}],"about":[{"href":"https:\/\/www.rencontres-aucoeurdesoi.fr\/index.php?rest_route=\/wp\/v2\/types\/page"}],"author":[{"embeddable":true,"href":"https:\/\/www.rencontres-aucoeurdesoi.fr\/index.php?rest_route=\/wp\/v2\/users\/1"}],"replies":[{"embeddable":true,"href":"https:\/\/www.rencontres-aucoeurdesoi.fr\/index.php?rest_route=%2Fwp%2Fv2%2Fcomments&post=149"}],"version-history":[{"count":43,"href":"https:\/\/www.rencontres-aucoeurdesoi.fr\/index.php?rest_route=\/wp\/v2\/pages\/149\/revisions"}],"predecessor-version":[{"id":283,"href":"https:\/\/www.rencontres-aucoeurdesoi.fr\/index.php?rest_route=\/wp\/v2\/pages\/149\/revisions\/283"}],"wp:attachment":[{"href":"https:\/\/www.rencontres-aucoeurdesoi.fr\/index.php?rest_route=%2Fwp%2Fv2%2Fmedia&parent=149"}],"curies":[{"name":"wp","href":"https:\/\/api.w.org\/{rel}","templated":true}]}}